{"id":368,"date":"2015-10-11T13:37:59","date_gmt":"2015-10-11T10:37:59","guid":{"rendered":"http:\/\/we.kybi\/wp\/?page_id=368"},"modified":"2015-10-11T13:37:59","modified_gmt":"2015-10-11T10:37:59","slug":"368-2","status":"publish","type":"page","link":"https:\/\/wavelab.taltech.ee\/?page_id=368","title":{"rendered":"Alexander von Humboldt in der Meereswissenschaft"},"content":{"rendered":"<p>W\u00e4hrend andere Beitr\u00e4ge Alexander von Humboldts zu den Naturwissenschaften weit bekannt sind, so ist er doch auch einer der Begr\u00fcnder der modernen Meeresforschung.<\/p>\n<p>Er hat als erster das \u201eUpwelling\u201c-Ph\u00e4nomen wissenschaftlich dokumentiert, das eine Schl\u00fcsselkomponente f\u00fcr das Funktionieren von \u00d6kosystemen in K\u00fcstenn\u00e4he darstellt. Im August 1834, auf der Reise von Stettin nach K\u00f6nigsberg, ma\u00df Alexander von Humboldt ein starkes Abfallen der Oberfl\u00e4chentemperatur der Ostsee um ca. 10\u00b0C in einem bestimmtem Abschnitt der polnischen K\u00fcste, nach dessen Verlassen die Temperatur aber dann wieder bei Werten um ca. 20\u00b0C lag. Es dauerte mehr als 70 Jahre, bis dieses Ph\u00e4nomen duch Ekmans Theorie der Meeresstr\u00f6mungen (1905)\u00a0 erkl\u00e4rt werden konnte.<\/p>\n<p>Heutzutage werden die Meereswissenschaften in der Ostsee \u2013 nat\u00fcrlicherweise interdisziplin\u00e4r \u2013 \u00fcber nationale Grenzen hinweg betrieben und der Fortschritt in der Forschung beruht auf intensiver Kooperation von Experten aus sehr verschiedenen Gebieten. Die Ostsee ist zu einem Schwerpunkt von Anstrengungen geworden, welche die Gesundheit des \u00d6kosystems und die Konsequenzen des Klimawandels betreffen, und damit globale Herausforderungen f\u00fcr die Ozeane der Welt.<\/p>\n","protected":false},"excerpt":{"rendered":"<p>W\u00e4hrend andere Beitr\u00e4ge Alexander von Humboldts zu den Naturwissenschaften weit bekannt sind, so ist er doch auch einer der Begr\u00fcnder der modernen Meeresforschung. Er hat als erster das \u201eUpwelling\u201c-Ph\u00e4nomen wissenschaftlich dokumentiert, das eine Schl\u00fcsselkomponente f\u00fcr das Funktionieren von \u00d6kosystemen in K\u00fcstenn\u00e4he darstellt. Im August 1834, auf der Reise von Stettin nach K\u00f6nigsberg, ma\u00df Alexander von Humboldt ein starkes Abfallen der &hellip;<\/p>\n","protected":false},"author":1,"featured_media":0,"parent":0,"menu_order":0,"comment_status":"closed","ping_status":"closed","template":"","meta":{"footnotes":""},"class_list":["post-368","page","type-page","status-publish","hentry","archive-loop-container"],"_links":{"self":[{"href":"https:\/\/wavelab.taltech.ee\/index.php?rest_route=\/wp\/v2\/pages\/368","targetHints":{"allow":["GET"]}}],"collection":[{"href":"https:\/\/wavelab.taltech.ee\/index.php?rest_route=\/wp\/v2\/pages"}],"about":[{"href":"https:\/\/wavelab.taltech.ee\/index.php?rest_route=\/wp\/v2\/types\/page"}],"author":[{"embeddable":true,"href":"https:\/\/wavelab.taltech.ee\/index.php?rest_route=\/wp\/v2\/users\/1"}],"replies":[{"embeddable":true,"href":"https:\/\/wavelab.taltech.ee\/index.php?rest_route=%2Fwp%2Fv2%2Fcomments&post=368"}],"version-history":[{"count":0,"href":"https:\/\/wavelab.taltech.ee\/index.php?rest_route=\/wp\/v2\/pages\/368\/revisions"}],"wp:attachment":[{"href":"https:\/\/wavelab.taltech.ee\/index.php?rest_route=%2Fwp%2Fv2%2Fmedia&parent=368"}],"curies":[{"name":"wp","href":"https:\/\/api.w.org\/{rel}","templated":true}]}}