{"id":1132,"date":"2021-03-23T14:12:47","date_gmt":"2021-03-23T11:12:47","guid":{"rendered":"http:\/\/wavelab.ioc.ee\/?page_id=1132"},"modified":"2021-03-23T14:12:47","modified_gmt":"2021-03-23T11:12:47","slug":"activities-2021","status":"publish","type":"page","link":"https:\/\/wavelab.taltech.ee\/?page_id=1132","title":{"rendered":"Activities 2021"},"content":{"rendered":"<h3>March 2021<\/h3>\n<p><strong>05\u00a0March 2021,<\/strong>\u00a0PROMOTION<\/p>\n<p>Rain M\u00e4nnikus defended his PhD thesis\u00a0<em>Water level dynamics in the eastern Baltic Sea, 1961\u22122018 (L\u00e4\u00e4nemere idaranniku ja Liivi lahe veetaseme d\u00fcnaamika 1961\u22122018)<\/em>\u00a0in the\u00a0Department\u00a0of Cybernetics, School of Science, Tallinn University of Technology. The official opponents were Prof. Dr. Hans von Storch (Geesthacht) and Dr. Kai Myrberg (Helsinki\/Klaipeda)<\/p>\n<p><strong>05\u00a0March 2021,<\/strong>\u00a0INTENSE DAY ON\u00a0MARINE SCIENCE AND APPLICATIONS<\/p>\n<p>The Wave Engineering Laboratory organised the half-day web-based mini-conference on marine science and applications with three extended presentations:<\/p>\n<ul>\n<li>Hydrodynamic noise &#8211; a challenge in analysis and simulation\u00a0(Prof. Dr. Hans von Storch, Institute of Coastal Systems, Helmholtz-Zentrum Geesthacht, Germany)<\/li>\n<li>Imputation of \u201cmissing\u201d Baltic Sea observations using pre-calculated patterns from models\u00a0(Prof. J\u00fcri Elken, Marine Systems Institute, School of Science, Tallinn University of Technology, Estonia)<\/li>\n<li>\n<p>Dynamics of an accident. The case of MV Estonia (Dr. Kristjan Tabri, Department of Engineering and Architecture, School of Engineering, Tallinn University of Technology).<\/p>\n<\/li>\n<\/ul>\n<h3>February 2021<\/h3>\n<h3>January 2021<\/h3>\n","protected":false},"excerpt":{"rendered":"<p>March 2021 05\u00a0March 2021,\u00a0PROMOTION Rain M\u00e4nnikus defended his PhD thesis\u00a0Water level dynamics in the eastern Baltic Sea, 1961\u22122018 (L\u00e4\u00e4nemere idaranniku ja Liivi lahe veetaseme d\u00fcnaamika 1961\u22122018)\u00a0in the\u00a0Department\u00a0of Cybernetics, School of Science, Tallinn University of Technology. The official opponents were Prof. Dr. Hans von Storch (Geesthacht) and Dr. Kai Myrberg (Helsinki\/Klaipeda) 05\u00a0March 2021,\u00a0INTENSE DAY ON\u00a0MARINE SCIENCE AND APPLICATIONS The Wave Engineering &hellip;<\/p>\n","protected":false},"author":1,"featured_media":0,"parent":0,"menu_order":0,"comment_status":"closed","ping_status":"closed","template":"","meta":{"footnotes":""},"class_list":["post-1132","page","type-page","status-publish","hentry","archive-loop-container"],"_links":{"self":[{"href":"https:\/\/wavelab.taltech.ee\/index.php?rest_route=\/wp\/v2\/pages\/1132","targetHints":{"allow":["GET"]}}],"collection":[{"href":"https:\/\/wavelab.taltech.ee\/index.php?rest_route=\/wp\/v2\/pages"}],"about":[{"href":"https:\/\/wavelab.taltech.ee\/index.php?rest_route=\/wp\/v2\/types\/page"}],"author":[{"embeddable":true,"href":"https:\/\/wavelab.taltech.ee\/index.php?rest_route=\/wp\/v2\/users\/1"}],"replies":[{"embeddable":true,"href":"https:\/\/wavelab.taltech.ee\/index.php?rest_route=%2Fwp%2Fv2%2Fcomments&post=1132"}],"version-history":[{"count":0,"href":"https:\/\/wavelab.taltech.ee\/index.php?rest_route=\/wp\/v2\/pages\/1132\/revisions"}],"wp:attachment":[{"href":"https:\/\/wavelab.taltech.ee\/index.php?rest_route=%2Fwp%2Fv2%2Fmedia&parent=1132"}],"curies":[{"name":"wp","href":"https:\/\/api.w.org\/{rel}","templated":true}]}}