{"id":1106,"date":"2021-01-19T15:59:45","date_gmt":"2021-01-19T12:59:45","guid":{"rendered":"http:\/\/wavelab.ioc.ee\/?page_id=1106"},"modified":"2021-01-19T15:59:45","modified_gmt":"2021-01-19T12:59:45","slug":"publications-2021","status":"publish","type":"page","link":"https:\/\/wavelab.taltech.ee\/?page_id=1106","title":{"rendered":"Publications 2021"},"content":{"rendered":"<h3>\u00a0Papers indexed in the ISI Web of Science<\/h3>\n<div class=\"post-content\">\n<ol>\n<li>Kelp\u0161ait\u0117-Rimkien\u0117 L., Parnell K.E., \u017daromskis R., Kondrat V. 2021. Cross-shore profile evolution after an extreme erosion event\u2014Palanga, Lithuania. <em>Journal of Marine Science and Engineering<\/em>, <strong>9<\/strong>, art. no. 38, https:\/\/doi.org\/10.3390\/jmse9010038.<\/li>\n<li>Delpeche-Ellmann N., Giudici A., R\u00e4tsep M., Soomere T. 2021. Observations of surface drift and the effects induced by wind and waves in the Baltic Sea for the period 2011\u20132018. <em>Estuarine, Coastal and Shelf Science<\/em>, <strong>249<\/strong>, art. no. 107071, https:\/\/doi.org\/10.1016\/j.ecss.2020.107071.<\/li>\n<li>Giudici A., Suara K.A., Soomere T., Brown R.\u00a0 2021. Tracking areas with increased likelihood of surface particles aggregation in the Gulf of Finland: A first look at persistent Lagrangian Coherent Structures (LCS). <em>Journal of Marine Systems<\/em>, <strong>217<\/strong>, art. no. 103514, <a href=\"https:\/\/doi.org\/10.1016\/j.jmarsys.2021.103514\">https:\/\/doi.org\/10.1016\/j.jmarsys.2021.103514<\/a>.<\/li>\n<li>Pelinovsky E., Talipova T., Soomere T. 2021. The structure of algebraic solitons and compactons in the generalized Korteweg-de Vries equation.\u00a0<em>Physica D,<\/em> <strong>419<\/strong>, art. no. 132785, <a href=\"https:\/\/doi.org\/10.1016\/j.physd.2020.132785\">https:\/\/doi.org\/10.1016\/j.physd.2020.132785<\/a>.<\/li>\n<li>R\u00e4\u00e4met A., Soomere T. 2021. Spatial pattern of quality of historical wave climate reconstructions for the Baltic Sea. <em>Boreal Environment Research<\/em>, <strong>26<\/strong>, 29\u201341.<\/li>\n<li>Jahanmard V.,\u00a0 Delpeche-Ellmann N., Ellmann A. 2021. Realistic dynamic topography through coupling geoid and hydrodynamic models of the Baltic Sea. <em>Continental Shelf Research<\/em>, <strong>222<\/strong>, art. no. 104421,\u00a0<br \/> <a id=\"LPlnk\" href=\"https:\/\/doi.org\/10.1016\/j.csr.2021.104421\">https:\/\/doi.org\/10.1016\/j.csr.2021.104421<\/a>.<\/li>\n<li>Ghosh A., Suara K., McCue S.W., Yu Y., Soomere T., Brown R.J. 2021. Persistency of debris accumulation in tidal estuaries using Lagrangian coherent structures. <em>Science of the Total Environment<\/em>, <strong>781<\/strong>, 146808, https:\/\/doi.org\/10.1016\/j.scitotenv.2021.146808.<\/li>\n<li>Kudryavtseva N., Soomere T., M\u00e4nnikus R. 2021. Non-stationary analysis of water level extremes in Latvian waters, Baltic Sea, during 1961\u20132018. <em>Natural Hazards and Earth Systems Sciences<\/em>, <strong>21<\/strong>(4), 1279\u20131296, https:\/\/doi.org\/10.5194\/nhess-21-1279-2021.<\/li>\n<li>R\u00e4tsep M., Parnell K.E., Soomere T., Kruusmaa M., Ristolainen A., Tuhtan J.A. 2021. Surface vessel localization from wake measurements using an array of pressure sensors in the littoral zone. <em>Ocean Engineering<\/em>, <strong>233<\/strong>, 109156, https:\/\/doi.org\/10.1016\/j.oceaneng.2021.109156.<\/li>\n<li>Barzehkar M., Parnell K.E., Soomere T., Dragovich D., Engstrom J. 2021. Decision support tools, systems, and indices for sustainable coastal planning and management: A review. <em>Ocean &amp; Coastal Management<\/em>, <strong>212<\/strong>, 105813, https:\/\/doi.org\/10.1016\/j.ocecoaman.2021.105813.<\/li>\n<li>Weisse R., Dailidien\u0117 I., H\u00fcnicke B., Kahma K., Madsen K., Omstedt A., Parnell K., Sch\u00f6ne T., Soomere T., Zhang W., Zorita E. 2021. Sea level dynamics and coastal erosion in the Baltic Sea region. <em>Earth Systems Dynamics<\/em>, <strong>12<\/strong>, 871\u2013898, https:\/\/doi.org\/10.5194\/esd-12-871-2021.<\/li>\n<li>Mostafavi M., Delpeche-Ellmann N., Ellmann A. 2021. Accurate sea surface heights from Sentinel-3A and Jason-3 retrackers by incorporating high-resolution marine geoid and hydrodynamic models. <em>Journal of Geodetic Science<\/em>, <strong>11<\/strong>(1), 58\u201374,\u00a0\u00a0<a id=\"LPlnk\" href=\"https:\/\/doi.org\/10.1515\/jogs-2020-0120\">https:\/\/doi.org\/10.1515\/jogs-2020-0120<\/a>.<\/li>\n<li>\n<div>Varbla S., Ellmann A., Delpeche-Ellmann N. 2021. Applications\u00a0of airborne laser scanning for determining marine geoid and surface waves properties. <em>European\u00a0Journal of Remote Sensing<\/em>, <strong>54<\/strong>(1), 557\u2013567,\u00a0<a id=\"LPlnk131715\" href=\"https:\/\/doi.org\/10.1080\/22797254.2021.1981156\">https:\/\/doi.org\/10.1080\/22797254.2021.1981156<\/a>.<\/div>\n<\/li>\n<li>\n<div>Najafzadeh F., Kudryavtseva N., Soomere T. 2021. Effects of large-scale atmospheric circulation on the Baltic Sea wave climate: application of EOF method on multi-mission satellite altimetry data. <em>Climate Dynamics<\/em>, <strong>57<\/strong>(11\u201312), 3465\u20133478, <a href=\"https:\/\/doi.org\/10.1007\/s00382-021-05874-x\">https:\/\/doi.org\/10.1007\/s00382-021-05874-x<\/a>.<\/div>\n<\/li>\n<\/ol>\n<h3>Popular science and science policy<\/h3>\n<ol>\n<li>Soomere T. 2021. Kommentaar Marti Aaviku kirjutisele \u201ePostimehe ja Eesti teaduste akadeemia n\u00f5ukoda\u201c (A comment to the article by Marti Aavik about joint academic board of the daily newspaper Postimees and the Estonian Academy of Sciences), <em>Postimee<\/em>s, 6(7320), 09.01.2021, Arvamus. Kultuur 579, 7, https:\/\/leht.postimees.ee\/7151207\/marti-aavik-postimehe-ja-eesti-teaduste-akadeemia-noukoda (in Estonian).<\/li>\n<li>Soomere T. 2021.\u00a0K\u00f5ige targemate \u00e4hvardamine on teadlik r\u00fcnnak Eesti riigi vastu. Postimees, veebiv\u00e4ljaanne, 31.01.2020 at 15:00, <a href=\"https:\/\/www.postimees.ee\/7168690\/soomere-koige-targemate-ahvardamine-on-teadlik-runnak-eesti-riigi-vastu\">https:\/\/www.postimees.ee\/7168690\/soomere-koige-targemate-ahvardamine-on-teadlik-runnak-eesti-riigi-vastu<\/a>. The same: Delfi, 31.01.2021 kell 16:05, <a href=\"https:\/\/www.delfi.ee\/news\/paevauudised\/eesti\/tarmo-soomere-lutsari-ahvardamine-on-otsene-ja-teadlik-runnak-kogu-eesti-riigi-vastu?id=92422875\">https:\/\/www.delfi.ee\/news\/paevauudised\/eesti\/tarmo-soomere-lutsari-ahvardamine-on-otsene-ja-teadlik-runnak-kogu-eesti-riigi-vastu?id=92422875<\/a><\/li>\n<li>[Eesti teaduste akadeemia \/ Tarmo Soomere, comments on laureates of national science awards] Elu p\u00e4\u00e4stmiseks tuleb remontida t\u00f6\u00f6tavat mootorit (Teaduse elut\u00f6\u00f6preemia Toomas-Andres Sullingule), Sirp, 19.02.2021, 7(3829), 9; <a href=\"https:\/\/sirp.ee\/s1-artiklid\/c21-teadus\/elu-paastmiseks-tuleb-remontida-tootavat-mootorit\/\">https:\/\/sirp.ee\/s1-artiklid\/c21-teadus\/elu-paastmiseks-tuleb-remontida-tootavat-mootorit\/<\/a>; Teaduse aastapreemiad: Valgustades tumedust, ibid., 13; Energiajulgeolek ja varustuskindlus keedusoolast ja turbast, idib., 13; Uued materjalid p\u00e4ikese purki saamiseks, ibid., 13; Mida harvem haigus, seda keerukam p\u00f5hjus ja ravi, ibid., 14; Otsides p\u00f5hjust, et end h\u00e4sti tunda, ibid., 14; Mereelustik kliimamuutuste t\u00f5mbetuultes, ibid., 14; Kolonisatsioon okupatsiooni varjus, ibid., 15, https:\/\/sirp.ee\/s1-artiklid\/c21-teadus\/teaduse-aastapreemia\/<\/li>\n<li>Soomere T., Kurnitski J., Randma-Liiv T., Vasar E. 2021. V3 v\u00e4ljakutsete vanik (Responsibility, vaccination, ventilation: from virus prevention to eradication). <em>Postimees<\/em>, 03.03.2021, 50(7364), 15, https:\/\/leht.postimees.ee\/7192307\/akadeemikud-v3-valjakutsete-vanik<\/li>\n<li>Soomere T. 2021. Krooniga v\u00f5i koroonata ehk P\u00e4rgviirus akadeemikute hambus (A view to the year with COVID-19 pandemic from the viewpoint of the Academy of Sciences). <em>Sirp<\/em>, 10(3832), 12.03.2021, 34\u201336, https:\/\/sirp.ee\/s1-artiklid\/c21-teadus\/krooniga-voi-koroonata-ehk-pargviirus-akadeemikute-hambus\/<\/li>\n<li>Soomere T. 2021. Rohep\u00f6\u00f6re kui teaduse ja tehnoloogia arendamise k\u00fcsimus (Green Deal as a challenge for science and technology development). Postimees, 94(7408), 24.04.2021, Arvamus. Kultuur, 594, 2\u20133, https:\/\/arvamus.postimees.ee\/7232195\/tarmo-soomere-rohepoore-kui-teaduse-ja-tehnoloogia-arendamise-kusimus<\/li>\n<li>Soomere T. 2021. Teadlasi \u00e4hvardavad geopoliitika hammasrattad. Eesti P\u00e4evaleht, 88, 08.06.2021, 3, https:\/\/epl.delfi.ee\/artikkel\/93668969\/tarmo-soomere-teadlasi-ahvardavad-hiinaga-seotud-geopoliitika-hammasrattad.<\/li>\n<li>\n<div>Kudryavtseva N. 2021. Today we can observe a solar eclipse in Estonia, \u0421\u0435\u0433\u043e\u0434\u043d\u044f \u0432 \u042d\u0441\u0442\u043e\u043d\u0438\u0438 \u043c\u043e\u0436\u043d\u043e \u0431\u0443\u0434\u0435\u0442 \u043d\u0430\u0431\u043b\u044e\u0434\u0430\u0442\u044c \u0441\u043e\u043b\u043d\u0435\u0447\u043d\u043e\u0435 \u0437\u0430\u0442\u043c\u0435\u043d\u0438\u0435. Postimees, web, 10.06.2021, 8:22,\u00a0<a href=\"https:\/\/rus.postimees.ee\/7268729\/segodnya-v-estonii-mozhno-budet-nablyudat-solnechnoe-zatmenie\" target=\"_blank\" data-saferedirecturl=\"https:\/\/www.google.com\/url?q=https:\/\/rus.postimees.ee\/7268729\/segodnya-v-estonii-mozhno-budet-nablyudat-solnechnoe-zatmenie&amp;source=gmail&amp;ust=1623481529811000&amp;usg=AFQjCNHXtGVhd8VUQWF6QZmRIt65cNOpOQ\" rel=\"noopener\">https:\/\/rus.postimees.<wbr \/>ee\/7268729\/segodnya-v-estonii-<wbr \/>mozhno-budet-nablyudat-<wbr \/>solnechnoe-zatmenie<\/a>, Delfi, 10.06.2021, 7:46,\u00a0<a href=\"https:\/\/rus.delfi.ee\/statja\/93698249\/foto-segodnya-v-estonii-mozhno-bylo-nablyudat-solnechnoe-zatmenie?fbclid=IwAR3t_e7C0Cwy6lvY9mdCIX7Zt1JESzE63O4hWYAresMT67tZfv6623-bloU\" target=\"_blank\" data-saferedirecturl=\"https:\/\/www.google.com\/url?q=https:\/\/rus.delfi.ee\/statja\/93698249\/foto-segodnya-v-estonii-mozhno-bylo-nablyudat-solnechnoe-zatmenie?fbclid%3DIwAR3t_e7C0Cwy6lvY9mdCIX7Zt1JESzE63O4hWYAresMT67tZfv6623-bloU&amp;source=gmail&amp;ust=1623481529811000&amp;usg=AFQjCNGpcKr-p1PUmLYU735YXOrY9AyBhA\" rel=\"noopener\">https:\/\/rus.delfi.ee\/<wbr \/>statja\/93698249\/foto-segodnya-<wbr \/>v-estonii-mozhno-bylo-<wbr \/>nablyudat-solnechnoe-zatmenie?<wbr \/>fbclid=IwAR3t_<wbr \/>e7C0Cwy6lvY9mdCIX7Zt1JESzE63O4<wbr \/>hWYAresMT67tZfv6623-bloU<\/a><\/div>\n<\/li>\n<li>Soomere T. 2021. J\u00e4\u00e4aeg v\u00f5ib tagasi tulla. Postimees, 129(7448), 11.06.2021, 13, https:\/\/arvamus.postimees.ee\/7269494\/tarmo-soomere-kas-kliima-soojenemine-toob-meile-jaaaja.<\/li>\n<li>Soomere T. 2021. Eeskuju ehk iseend muutes muudame maailma. Postimees, N\u00e4dal, 11(7477), Arvamus. Kultuur, 606, 4, https:\/\/arvamus.postimees.ee\/7293977\/tarmo-soomere-eeskuju-ehk-iseend-muutes-muudame-maailma.<\/li>\n<li>Soomere T. 2021. Vaalade romula maailma serval. Postimees, 155(7480), 21.07.2021, 13, https:\/\/kultuur.postimees.ee\/7297396\/tarmo-soomere-arvustab-vaalade-romula-maailma-serval.<\/li>\n<li>Soomere T. 2021. Koht, mis ei saa valida algust, kuid v\u00f5ib muuta l\u00f5ppu. Sirp, 34(3856), 27.08.2021, 23, <a href=\"https:\/\/sirp.ee\/s1-artiklid\/c21-teadus\/koht-mis-ei-saa-valida-algust-kuid-voib-muuta-loppu\/\">https:\/\/sirp.ee\/s1-artiklid\/c21-teadus\/koht-mis-ei-saa-valida-algust-kuid-voib-muuta-loppu\/<\/a><\/li>\n<li>Soomere T. 2021. Tarmo Soomere: me saame sellest k\u00e4nnust \u00fcle, teaduse abiga. \u00c4rip\u00e4ev, veebiv\u00e4ljaanne, 29. august kell 12:00, <a href=\"https:\/\/www.aripaev.ee\/arvamused\/2021\/08\/29\/tarmo-soomere-me-saame-sellest-kannust-ule-teaduse-abiga\">https:\/\/www.aripaev.ee\/arvamused\/2021\/08\/29\/tarmo-soomere-me-saame-sellest-kannust-ule-teaduse-abiga<\/a><\/li>\n<li>Soomere T. 2021. [K\u00f5ne Paide keskv\u00e4ljakul.] Rmt: 33 k\u00f5net. Paide 3000. Paide teater, 46\u201358.<\/li>\n<li>Soomere T. 2021. Afganistani teaduse areng mustast august m\u00e4\u00e4ramatusse. Postimees, 18(7518), 04.09.2021, 8, <a href=\"https:\/\/arvamus.postimees.ee\/7330285\/tarmo-soomere-afganistani-teaduse-areng-mustast-august-maaramatusse\">https:\/\/arvamus.postimees.ee\/7330285\/tarmo-soomere-afganistani-teaduse-areng-mustast-august-maaramatusse<\/a><\/li>\n<li>Vasar E., Soomere T. 2021. Eluohtlik defitsiit (veebis: Varipandeemiast eluohtliku defitsiidini). Postimees, 21(7536), 25.09.2021, https:\/\/arvamus.postimees.ee\/7346354\/eero-vasar-ja-tarmo-soomere-varipandeemiast-eluohtliku-defitsiidini<\/li>\n<li>Soomere T. 2021. Leidlik ja inimlik haridus sillutab teed tulevikku. Sirp, 39(3861), 01.10.2021, 34\u201337, <a href=\"https:\/\/sirp.ee\/s1-artiklid\/c21-teadus\/leidlik-ja-inimlik-haridus-sillutab-teed-tulevikku\/\">https:\/\/sirp.ee\/s1-artiklid\/c21-teadus\/leidlik-ja-inimlik-haridus-sillutab-teed-tulevikku\/<\/a><\/li>\n<li>Soomere T. 2021. Kolm \u00fclesannet Narva-J\u00f5esuus. Postimees, 211(7548), 08.10.2021, 12, https:\/\/arvamus.postimees.ee\/7356411\/tarmo-soomere-kolm-ulesannet-narva-joesuus<\/li>\n<li>Soomere T. 2021. Kaosest usaldusv\u00e4\u00e4rse prognoosini. Postimees N\u00e4dal, 24(7555), 16.10.2021, 8, https:\/\/arvamus.postimees.ee\/7362577\/tarmo-soomere-kaosest-usaldusvaarse-prognoosini<\/li>\n<li>Soomere T. 2021. Mets kliimadiskussiooni fookuses. Postimees, 27(7573), 6.11.2021, 8, <a href=\"https:\/\/arvamus.postimees.ee\/7379230\/tarmo-soomere-mets-kliimadiskussiooni-fookuses\">https:\/\/arvamus.postimees.ee\/7379230\/tarmo-soomere-mets-kliimadiskussiooni-fookuses<\/a><\/li>\n<li>Soomere T. 2021. Hea n\u00f5u ei pruugi olla kallis. Sirp, 45(3867), 12.11.2021, 8, <a href=\"https:\/\/sirp.ee\/s1-artiklid\/c21-teadus\/hea-nou-ei-pruugi-olla-kallis\/\">https:\/\/sirp.ee\/s1-artiklid\/c21-teadus\/hea-nou-ei-pruugi-olla-kallis\/<\/a><\/li>\n<li>Soomere T. 2021. T\u00e4pselt sihitud haridus kui kogukonna tugevuse alus. \u00d5petajate Leht, 39, 19.11.2021, 4, <a href=\"https:\/\/opleht.ee\/2021\/11\/tapselt-sihitud-haridus-kui-kogukonna-tugevuse-alus\/\">https:\/\/opleht.ee\/2021\/11\/tapselt-sihitud-haridus-kui-kogukonna-tugevuse-alus\/<\/a><\/li>\n<li>Soomere T. 2021. Eesti valikud elurikkuse ja kliima hoiul. Sirp, 46(3868), 19.11.2021, <a href=\"https:\/\/sirp.ee\/s1-artiklid\/c21-teadus\/eesti-valikud-elurikkuse-ja-kliima-hoiul\/\">https:\/\/sirp.ee\/s1-artiklid\/c21-teadus\/eesti-valikud-elurikkuse-ja-kliima-hoiul\/<\/a><\/li>\n<li>Soomere T. 2021. Halval ajal vajame head n\u00f5u. Postimees, 30\/7581), 27.11.2021, 8, <a href=\"https:\/\/arvamus.postimees.ee\/7395223\/tarmo-soomere-halval-ajal-vajame-head-nou\">https:\/\/arvamus.postimees.ee\/7395223\/tarmo-soomere-halval-ajal-vajame-head-nou<\/a><\/li>\n<li>Soomere T. 2021. Inimene piiril eri teadusvaldkondade vaates. Sirp, 49(3971), 10.12.2021, <a href=\"https:\/\/www.sirp.ee\/s1-artiklid\/c21-teadus\/inimene-piiril-eri-teadusvaldkondade-vaates\/\">https:\/\/www.sirp.ee\/s1-artiklid\/c21-teadus\/inimene-piiril-eri-teadusvaldkondade-vaates\/<\/a><\/li>\n<li>Soomere T. Ranniku \u00f5iguste n\u00f5idus. Postimees, 32(7603), 11.12.2021, 8, <a href=\"https:\/\/arvamus.postimees.ee\/7405805\/tarmo-soomere-ranniku-oiguste-noidus\">https:\/\/arvamus.postimees.ee\/7405805\/tarmo-soomere-ranniku-oiguste-noidus<\/a><\/li>\n<li>Soomere T., Parnell, K. Rannad tahavad vabalt hingata. Postimees, 34(7605), 14.12.2021, <a href=\"https:\/\/arvamus.postimees.ee\/7407785\/tarmo-soomere-kevin-parnell-rannad-tahavad-vabalt-hingata\">https:\/\/arvamus.postimees.ee\/7407785\/tarmo-soomere-kevin-parnell-rannad-tahavad-vabalt-hingata<\/a><\/li>\n<\/ol>\n<\/div>\n","protected":false},"excerpt":{"rendered":"<p>\u00a0Papers indexed in the ISI Web of Science Kelp\u0161ait\u0117-Rimkien\u0117 L., Parnell K.E., \u017daromskis R., Kondrat V. 2021. Cross-shore profile evolution after an extreme erosion event\u2014Palanga, Lithuania. Journal of Marine Science and Engineering, 9, art. no. 38, https:\/\/doi.org\/10.3390\/jmse9010038. Delpeche-Ellmann N., Giudici A., R\u00e4tsep M., Soomere T. 2021. Observations of surface drift and the effects induced by wind and waves in the &hellip;<\/p>\n","protected":false},"author":1,"featured_media":0,"parent":0,"menu_order":0,"comment_status":"closed","ping_status":"closed","template":"","meta":{"footnotes":""},"class_list":["post-1106","page","type-page","status-publish","hentry","archive-loop-container"],"_links":{"self":[{"href":"https:\/\/wavelab.taltech.ee\/index.php?rest_route=\/wp\/v2\/pages\/1106","targetHints":{"allow":["GET"]}}],"collection":[{"href":"https:\/\/wavelab.taltech.ee\/index.php?rest_route=\/wp\/v2\/pages"}],"about":[{"href":"https:\/\/wavelab.taltech.ee\/index.php?rest_route=\/wp\/v2\/types\/page"}],"author":[{"embeddable":true,"href":"https:\/\/wavelab.taltech.ee\/index.php?rest_route=\/wp\/v2\/users\/1"}],"replies":[{"embeddable":true,"href":"https:\/\/wavelab.taltech.ee\/index.php?rest_route=%2Fwp%2Fv2%2Fcomments&post=1106"}],"version-history":[{"count":0,"href":"https:\/\/wavelab.taltech.ee\/index.php?rest_route=\/wp\/v2\/pages\/1106\/revisions"}],"wp:attachment":[{"href":"https:\/\/wavelab.taltech.ee\/index.php?rest_route=%2Fwp%2Fv2%2Fmedia&parent=1106"}],"curies":[{"name":"wp","href":"https:\/\/api.w.org\/{rel}","templated":true}]}}